{"id":911,"date":"2018-12-06T07:58:17","date_gmt":"2018-12-06T07:58:17","guid":{"rendered":"http:\/\/wpdemo2.oceanthemes.net\/industro\/?post_type=product&amp;p=908"},"modified":"2018-12-06T07:58:17","modified_gmt":"2018-12-06T07:58:17","slug":"karcher-k7-compact","status":"publish","type":"product","link":"https:\/\/ajaenergie.fr\/index.php\/product\/karcher-k7-compact\/","title":{"rendered":"Karcher K7 Compact"},"content":{"rendered":"<p>Pellentesque habitant morbi tristique senectus et netus et malesuada fames ac turpis egestas. Vestibulum tortor quam, feugiat vitae, ultricies eget, tempor sit amet, ante. Donec eu libero sit amet quam egestas semper. Aenean ultricies mi vitae est. Mauris placerat eleifend leo.<\/p>\n<p>Lorem ipsum dolor sit amet, consectetur adipiscing elit, sed do eiusmod tempor incididunt ut labore et dolore magna aliqua. Ut enim ad minim veniam, quis nostrud exercitation ullamco laboris nisi ut aliquip ex ea commodo consequat. Duis aute irure dolor in reprehenderit in voluptate velit esse cillum dolore eu fugiat nulla pariatur. Excepteur sint occaecat cupidatat non proident, sunt in culpa qui officia deserunt mollit anim id est laborum.<\/p>\n","protected":false},"excerpt":{"rendered":"<p>Pellentesque habitant morbi tristique senectus et netus et malesuada fames ac turpis egestas. Vestibulum tortor quam, feugiat vitae, ultricies eget, tempor sit amet, ante. Donec eu libero sit amet quam egestas semper. Aenean ultricies mi vitae est. Mauris placerat eleifend leo.<\/p>\n","protected":false},"featured_media":0,"comment_status":"open","ping_status":"closed","template":"","meta":[],"product_cat":[33,35],"product_tag":[],"class_list":["post-911","product","type-product","status-publish","hentry","product_cat-hand-tools","product_cat-power-tools"],"yoast_head":"<!-- This site is optimized with the Yoast SEO plugin v19.10 - https:\/\/yoast.com\/wordpress\/plugins\/seo\/ -->\n<title>Karcher K7 Compact - AJA \u00c9nergie<\/title>\n<meta name=\"robots\" content=\"index, follow, max-snippet:-1, max-image-preview:large, max-video-preview:-1\" \/>\n<link rel=\"canonical\" href=\"https:\/\/ajaenergie.fr\/index.php\/product\/karcher-k7-compact\/\" \/>\n<meta property=\"og:locale\" content=\"fr_FR\" \/>\n<meta property=\"og:type\" content=\"article\" \/>\n<meta property=\"og:title\" content=\"Karcher K7 Compact - AJA \u00c9nergie\" \/>\n<meta property=\"og:description\" content=\"Pellentesque habitant morbi tristique senectus et netus et malesuada fames ac turpis egestas. Vestibulum tortor quam, feugiat vitae, ultricies eget, tempor sit amet, ante. Donec eu libero sit amet quam egestas semper. Aenean ultricies mi vitae est. Mauris placerat eleifend leo.\" \/>\n<meta property=\"og:url\" content=\"https:\/\/ajaenergie.fr\/index.php\/product\/karcher-k7-compact\/\" \/>\n<meta property=\"og:site_name\" content=\"AJA \u00c9nergie\" \/>\n<meta name=\"twitter:card\" content=\"summary_large_image\" \/>\n<meta name=\"twitter:label1\" content=\"Dur\u00e9e de lecture estim\u00e9e\" \/>\n\t<meta name=\"twitter:data1\" content=\"1 minute\" \/>\n<script type=\"application\/ld+json\" class=\"yoast-schema-graph\">{\"@context\":\"https:\/\/schema.org\",\"@graph\":[{\"@type\":\"WebPage\",\"@id\":\"https:\/\/ajaenergie.fr\/index.php\/product\/karcher-k7-compact\/\",\"url\":\"https:\/\/ajaenergie.fr\/index.php\/product\/karcher-k7-compact\/\",\"name\":\"Karcher K7 Compact - AJA \u00c9nergie\",\"isPartOf\":{\"@id\":\"https:\/\/ajaenergie.fr\/#website\"},\"datePublished\":\"2018-12-06T07:58:17+00:00\",\"dateModified\":\"2018-12-06T07:58:17+00:00\",\"breadcrumb\":{\"@id\":\"https:\/\/ajaenergie.fr\/index.php\/product\/karcher-k7-compact\/#breadcrumb\"},\"inLanguage\":\"fr-FR\",\"potentialAction\":[{\"@type\":\"ReadAction\",\"target\":[\"https:\/\/ajaenergie.fr\/index.php\/product\/karcher-k7-compact\/\"]}]},{\"@type\":\"BreadcrumbList\",\"@id\":\"https:\/\/ajaenergie.fr\/index.php\/product\/karcher-k7-compact\/#breadcrumb\",\"itemListElement\":[{\"@type\":\"ListItem\",\"position\":1,\"name\":\"Accueil\",\"item\":\"https:\/\/ajaenergie.fr\/\"},{\"@type\":\"ListItem\",\"position\":2,\"name\":\"Shop\",\"item\":\"https:\/\/ajaenergie.fr\/?page_id=19\"},{\"@type\":\"ListItem\",\"position\":3,\"name\":\"Karcher K7 Compact\"}]},{\"@type\":\"WebSite\",\"@id\":\"https:\/\/ajaenergie.fr\/#website\",\"url\":\"https:\/\/ajaenergie.fr\/\",\"name\":\"AJA \u00c9nergie\",\"description\":\"Vos projets, nous les r\u00e9alisons !\",\"publisher\":{\"@id\":\"https:\/\/ajaenergie.fr\/#organization\"},\"potentialAction\":[{\"@type\":\"SearchAction\",\"target\":{\"@type\":\"EntryPoint\",\"urlTemplate\":\"https:\/\/ajaenergie.fr\/?s={search_term_string}\"},\"query-input\":\"required name=search_term_string\"}],\"inLanguage\":\"fr-FR\"},{\"@type\":\"Organization\",\"@id\":\"https:\/\/ajaenergie.fr\/#organization\",\"name\":\"AJA \u00c9nergie\",\"url\":\"https:\/\/ajaenergie.fr\/\",\"logo\":{\"@type\":\"ImageObject\",\"inLanguage\":\"fr-FR\",\"@id\":\"https:\/\/ajaenergie.fr\/#\/schema\/logo\/image\/\",\"url\":\"https:\/\/ajaenergie.fr\/wp-content\/uploads\/2022\/07\/AJA-5version.png\",\"contentUrl\":\"https:\/\/ajaenergie.fr\/wp-content\/uploads\/2022\/07\/AJA-5version.png\",\"width\":3502,\"height\":1755,\"caption\":\"AJA \u00c9nergie\"},\"image\":{\"@id\":\"https:\/\/ajaenergie.fr\/#\/schema\/logo\/image\/\"}}]}<\/script>\n<!-- \/ Yoast SEO plugin. -->","yoast_head_json":{"title":"Karcher K7 Compact - AJA \u00c9nergie","robots":{"index":"index","follow":"follow","max-snippet":"max-snippet:-1","max-image-preview":"max-image-preview:large","max-video-preview":"max-video-preview:-1"},"canonical":"https:\/\/ajaenergie.fr\/index.php\/product\/karcher-k7-compact\/","og_locale":"fr_FR","og_type":"article","og_title":"Karcher K7 Compact - AJA \u00c9nergie","og_description":"Pellentesque habitant morbi tristique senectus et netus et malesuada fames ac turpis egestas. Vestibulum tortor quam, feugiat vitae, ultricies eget, tempor sit amet, ante. Donec eu libero sit amet quam egestas semper. Aenean ultricies mi vitae est. Mauris placerat eleifend leo.","og_url":"https:\/\/ajaenergie.fr\/index.php\/product\/karcher-k7-compact\/","og_site_name":"AJA \u00c9nergie","twitter_card":"summary_large_image","twitter_misc":{"Dur\u00e9e de lecture estim\u00e9e":"1 minute"},"schema":{"@context":"https:\/\/schema.org","@graph":[{"@type":"WebPage","@id":"https:\/\/ajaenergie.fr\/index.php\/product\/karcher-k7-compact\/","url":"https:\/\/ajaenergie.fr\/index.php\/product\/karcher-k7-compact\/","name":"Karcher K7 Compact - AJA \u00c9nergie","isPartOf":{"@id":"https:\/\/ajaenergie.fr\/#website"},"datePublished":"2018-12-06T07:58:17+00:00","dateModified":"2018-12-06T07:58:17+00:00","breadcrumb":{"@id":"https:\/\/ajaenergie.fr\/index.php\/product\/karcher-k7-compact\/#breadcrumb"},"inLanguage":"fr-FR","potentialAction":[{"@type":"ReadAction","target":["https:\/\/ajaenergie.fr\/index.php\/product\/karcher-k7-compact\/"]}]},{"@type":"BreadcrumbList","@id":"https:\/\/ajaenergie.fr\/index.php\/product\/karcher-k7-compact\/#breadcrumb","itemListElement":[{"@type":"ListItem","position":1,"name":"Accueil","item":"https:\/\/ajaenergie.fr\/"},{"@type":"ListItem","position":2,"name":"Shop","item":"https:\/\/ajaenergie.fr\/?page_id=19"},{"@type":"ListItem","position":3,"name":"Karcher K7 Compact"}]},{"@type":"WebSite","@id":"https:\/\/ajaenergie.fr\/#website","url":"https:\/\/ajaenergie.fr\/","name":"AJA \u00c9nergie","description":"Vos projets, nous les r\u00e9alisons !","publisher":{"@id":"https:\/\/ajaenergie.fr\/#organization"},"potentialAction":[{"@type":"SearchAction","target":{"@type":"EntryPoint","urlTemplate":"https:\/\/ajaenergie.fr\/?s={search_term_string}"},"query-input":"required name=search_term_string"}],"inLanguage":"fr-FR"},{"@type":"Organization","@id":"https:\/\/ajaenergie.fr\/#organization","name":"AJA \u00c9nergie","url":"https:\/\/ajaenergie.fr\/","logo":{"@type":"ImageObject","inLanguage":"fr-FR","@id":"https:\/\/ajaenergie.fr\/#\/schema\/logo\/image\/","url":"https:\/\/ajaenergie.fr\/wp-content\/uploads\/2022\/07\/AJA-5version.png","contentUrl":"https:\/\/ajaenergie.fr\/wp-content\/uploads\/2022\/07\/AJA-5version.png","width":3502,"height":1755,"caption":"AJA \u00c9nergie"},"image":{"@id":"https:\/\/ajaenergie.fr\/#\/schema\/logo\/image\/"}}]}},"_links":{"self":[{"href":"https:\/\/ajaenergie.fr\/index.php\/wp-json\/wp\/v2\/product\/911","targetHints":{"allow":["GET"]}}],"collection":[{"href":"https:\/\/ajaenergie.fr\/index.php\/wp-json\/wp\/v2\/product"}],"about":[{"href":"https:\/\/ajaenergie.fr\/index.php\/wp-json\/wp\/v2\/types\/product"}],"replies":[{"embeddable":true,"href":"https:\/\/ajaenergie.fr\/index.php\/wp-json\/wp\/v2\/comments?post=911"}],"wp:attachment":[{"href":"https:\/\/ajaenergie.fr\/index.php\/wp-json\/wp\/v2\/media?parent=911"}],"wp:term":[{"taxonomy":"product_cat","embeddable":true,"href":"https:\/\/ajaenergie.fr\/index.php\/wp-json\/wp\/v2\/product_cat?post=911"},{"taxonomy":"product_tag","embeddable":true,"href":"https:\/\/ajaenergie.fr\/index.php\/wp-json\/wp\/v2\/product_tag?post=911"}],"curies":[{"name":"wp","href":"https:\/\/api.w.org\/{rel}","templated":true}]}}

<!-- This site is optimized with the Yoast SEO plugin v19.10 - https://yoast.com/wordpress/plugins/seo/ -->
<title>Karcher K7 Compact - AJA Énergie</title>
<meta name="robots" content="index, follow, max-snippet:-1, max-image-preview:large, max-video-preview:-1" />
<link rel="canonical" href="https://ajaenergie.fr/index.php/product/karcher-k7-compact/" />
<meta property="og:locale" content="fr_FR" />
<meta property="og:type" content="article" />
<meta property="og:title" content="Karcher K7 Compact - AJA Énergie" />
<meta property="og:description" content="Pellentesque habitant morbi tristique senectus et netus et malesuada fames ac turpis egestas. Vestibulum tortor quam, feugiat vitae, ultricies eget, tempor sit amet, ante. Donec eu libero sit amet quam egestas semper. Aenean ultricies mi vitae est. Mauris placerat eleifend leo." />
<meta property="og:url" content="https://ajaenergie.fr/index.php/product/karcher-k7-compact/" />
<meta property="og:site_name" content="AJA Énergie" />
<meta name="twitter:card" content="summary_large_image" />
<meta name="twitter:label1" content="Durée de lecture estimée" />
	<meta name="twitter:data1" content="1 minute" />
<script type="application/ld+json" class="yoast-schema-graph">{"@context":"https://schema.org","@graph":[{"@type":"WebPage","@id":"https://ajaenergie.fr/index.php/product/karcher-k7-compact/","url":"https://ajaenergie.fr/index.php/product/karcher-k7-compact/","name":"Karcher K7 Compact - AJA Énergie","isPartOf":{"@id":"https://ajaenergie.fr/#website"},"datePublished":"2018-12-06T07:58:17+00:00","dateModified":"2018-12-06T07:58:17+00:00","breadcrumb":{"@id":"https://ajaenergie.fr/index.php/product/karcher-k7-compact/#breadcrumb"},"inLanguage":"fr-FR","potentialAction":[{"@type":"ReadAction","target":["https://ajaenergie.fr/index.php/product/karcher-k7-compact/"]}]},{"@type":"BreadcrumbList","@id":"https://ajaenergie.fr/index.php/product/karcher-k7-compact/#breadcrumb","itemListElement":[{"@type":"ListItem","position":1,"name":"Accueil","item":"https://ajaenergie.fr/"},{"@type":"ListItem","position":2,"name":"Shop","item":"https://ajaenergie.fr/?page_id=19"},{"@type":"ListItem","position":3,"name":"Karcher K7 Compact"}]},{"@type":"WebSite","@id":"https://ajaenergie.fr/#website","url":"https://ajaenergie.fr/","name":"AJA Énergie","description":"Vos projets, nous les réalisons !","publisher":{"@id":"https://ajaenergie.fr/#organization"},"potentialAction":[{"@type":"SearchAction","target":{"@type":"EntryPoint","urlTemplate":"https://ajaenergie.fr/?s={search_term_string}"},"query-input":"required name=search_term_string"}],"inLanguage":"fr-FR"},{"@type":"Organization","@id":"https://ajaenergie.fr/#organization","name":"AJA Énergie","url":"https://ajaenergie.fr/","logo":{"@type":"ImageObject","inLanguage":"fr-FR","@id":"https://ajaenergie.fr/#/schema/logo/image/","url":"https://ajaenergie.fr/wp-content/uploads/2022/07/AJA-5version.png","contentUrl":"https://ajaenergie.fr/wp-content/uploads/2022/07/AJA-5version.png","width":3502,"height":1755,"caption":"AJA Énergie"},"image":{"@id":"https://ajaenergie.fr/#/schema/logo/image/"}}]}</script>
<!-- / Yoast SEO plugin. -->

Karcher K7 Compact - AJA Énergie

AJA Énergie

Vos projets, nous les réalisons !
